 digit of 96090?
9
What is the tens digit of 1861?
6
What is the units digit of 129958?
8
What is the units digit of 418?
8
What is the tens digit of 53504?
0
What is the tens digit of 294?
9
What is the tens digit of 3258?
5
What is the units digit of 120538?
8
What is the units digit of 134?
4
What is the hundreds digit of 5115?
1
What is the hundreds digit of 38860?
8
What is the thousands digit of 3332?
3
What is the units digit of 1011?
1
What is the tens digit of 240?
4
What is the units digit of 4702?
2
What is the units digit of 467?
7
What is the thousands digit of 67165?
7
What is the tens digit of 1962?
6
What is the units digit of 342?
2
What is the units digit of 581?
1
What is the thousands digit of 88145?
8
What is the thousands digit of 1705?
1
What is the ten thousands digit of 11419?
1
What is the units digit of 1474?
4
What is the units digit of 826?
6
What is the thousands digit of 94060?
4
What is the tens digit of 1305?
0
What is the hundreds digit of 3951?
9
What is the ten thousands digit of 14441?
1
What is the units digit of 103?
3
What is the tens digit of 121326?
2
What is the hundreds digit of 8222?
2
What is the tens digit of 45603?
0
What is the units digit of 58775?
5
What is the thousands digit of 15357?
5
What is the hundreds digit of 59915?
9
What is the thousands digit of 19585?
9
What is the units digit of 7086?
6
What is the units digit of 29847?
7
What is the ten thousands digit of 12900?
1
What is the units digit of 2092?
2
What is the units digit of 4192?
2
What is the units digit of 29147?
7
What is the thousands digit of 17653?
7
What is the units digit of 329?
9
What is the ten thousands digit of 55426?
5
What is the tens digit of 860?
6
What is the ten thousands digit of 24996?
2
What is the tens digit of 2193?
9
What is the hundreds digit of 2410?
4
What is the thousands digit of 1112?
1
What is the hundreds digit of 4687?
6
What is the thousands digit of 91717?
1
What is the ten thousands digit of 22865?
2
What is the units digit of 488?
8
What is the tens digit of 57?
5
What is the units digit of 14280?
0
What is the tens digit of 7074?
7
What is the tens digit of 18952?
5
What is the units digit of 17455?
5
What is the thousands digit of 8739?
8
What is the ten thousands digit of 49372?
4
What is the units digit of 988?
8
What is the hundreds digit of 5395?
3
What is the tens digit of 730?
3
What is the units digit of 895?
5
What is the units digit of 10649?
9
What is the units digit of 2814?
4
What is the ten thousands digit of 40715?
4
What is the units digit of 39797?
7
What is the units digit of 9119?
9
What is the tens digit of 17576?
7
What is the hundreds digit of 2823?
8
What is the units digit of 95490?
0
What is the tens digit of 48544?
4
What is the units digit of 28968?
8
What is the units digit of 4237?
7
What is the units digit of 1663?
3
What is the units digit of 3453?
3
What is the hundreds digit of 78883?
8
What is the tens digit of 16466?
6
What is the tens digit of 43?
4
What is the thousands digit of 8102?
8
What is the tens digit of 63783?
8
What is the tens digit of 49046?
4
What is the tens digit of 1131?
3
What is the hundreds digit of 282?
2
What is the hundreds digit of 22692?
6
What is the hundreds digit of 10424?
4
What is the ten thousands digit of 69091?
6
What is the thousands digit of 1479?
1
What is the thousands digit of 1739?
1
What is the hundreds digit of 41020?
0
What is the tens digit of 12212?
1
What is the tens digit of 43895?
9
What is the thousands digit of 1962?
1
What is the hundreds digit of 39862?
8
What is the thousands digit of 17688?
7
What is the thousands digit of 4448?
4
What is the thousands digit of 52768?
2
What is the units digit of 3373?
3
What is the units digit of 13916?
6
What is the ten thousands digit of 35900?
3
What is the tens digit of 4799?
9
What is the tens digit of 17007?
0
What is the thousands digit of 2372?
2
What is the units digit of 823?
3
What is the units digit of 570?
0
What is the thousands digit of 15416?
5
What is the tens digit of 7609?
0
What is the hundreds digit of 21165?
1
What is the hundred thousands digit of 173860?
1
What is the tens digit of 47?
4
What is the units digit of 1607?
7
What is the ten thousands digit of 11274?
1
What is the thousands digit of 8495?
8
What is the tens digit of 84?
8
What is the tens digit of 14857?
5
What is the thousands digit of 2844?
2
What is the ten thousands digit of 67586?
6
What is the thousands digit of 41114?
1
What is the tens digit of 2867?
6
What is the units digit of 71226?
6
What is the hundreds digit of 8376?
3
What is the units digit of 38153?
3
What is the tens digit of 2064?
6
What is the units digit of 6458?
8
What is the units digit of 1163?
3
What is the units digit of 374?
4
What is the units digit of 145?
5
What is the tens digit of 1764?
6
What is the units digit of 283?
3
What is the hundreds digit of 874?
8
What is the tens digit of 4880?
8
What is the hundreds digit of 632?
6
What is the units digit of 28?
8
What is the tens digit of 21815?
1
What is the tens digit of 874?
7
What is the units digit of 54820?
0
What is the hundreds digit of 25089?
0
What is the hundreds digit of 93696?
6
What is the ten thousands digit of 67183?
6
What is the thousands digit of 21391?
1
What is the units digit of 20286?
6
What is the ten thousands digit of 43728?
4
What is the tens digit of 710?
1
What is the units digit of 13886?
6
What is the units digit of 3044?
4
What is the units digit of 49?
9
What is the hundreds digit of 8289?
2
What is the thousands digit of 65785?
5
What is the tens digit of 1289?
8
What is the units digit of 74?
4
What is the hundreds digit of 856?
8
What is the thousands digit of 1069?
1
What is the tens digit of 66620?
2
What is the thousands digit of 2245?
2
What is the hundreds digit of 1139?
1
What is the ten thousands digit of 10055?
1
What is the tens digit of 1676?
7
What is the tens digit of 4429?
2
What is the tens digit of 60080?
8
What is the hundreds digit of 1862?
8
What is the units digit of 12433?
3
What is the units digit of 855?
5
What is the thousands digit of 3358?
3
What is the thousands digit of 6884?
6
What is the hundreds digit of 147887?
8
What is the thousands digit of 52664?
2
What is the thousands digit of 1961?
1
What is the tens digit of 5250?
5
What is the units digit of 2172?
2
What is the ten thousands digit of 17288?
1
What is the thousands digit of 1203?
1
What is the tens digit of 17095?
9
What is the tens digit of 411?
1
What is the hundreds digit of 6805?
8
What is the tens digit of 2771?
7
What is the hundreds digit of 635?
6
What is the units digit of 238?
8
What is the tens digit of 5364?
6
What is the tens digit of 33751?
5
What is the thousands digit of 12654?
2
What is the hundreds digit of 1190?
1
What is the thousands digit of 120174?
0
What is the units digit of 21596?
6
What is the thousands digit of 1562?
1
What is the units digit of 9428?
8
What is the hundreds digit of 34789?
7
What is the tens digit of 10941?
4
What is the tens digit of 2827?
2
What is the ten thousands digit of 16442?
1
What is the units digit of 4086?
6
What is the units digit of 1050?
0
What is the units digit of 51096?
6
What is the hundreds digit of 666?
6
What is the tens digit of 711?
1
What is the thousands digit of 3600?
3
What is the units digit of 6154?
4
What is the units digit of 5300?
0
What is the tens digit of 11044?
4
What is the tens digit of 9021?
2
What is the units digit of 6555?
5
What is the hundreds digit of 908?
9
What is the tens digit of 570?
7
What is the ten thousands digit of 87244?
8
What is the thousands digit of 62365?
2
What is the hundreds digit of 2687?
6
What is the thousands digit of 3074?
3
What is the tens digit of 4393?
9
What is the ten thousands digit of 96052?
9
What is the hundreds digit of 134?
1
What is the thousands digit of 1168?
1
What is the thousands digit of 88986?
8
What is the ten thousands digit of 24265?
2
What is the units digit of 1181?
1
What is the units digit of 3188?
8
What is the units digit of 47546?
6
What is the hundreds digit of 759?
7
What is the thousands digit of 5186?
5
What is the tens digit of 76298?
9
What is the tens digit of 25206?
0
What i